 9 - (2 + 5).
3
Calculate 1 + (-5 - -9) + -7.
-2
2 - (9 - (5 + 0))
-2
(-3 - 0 - (5 - 7)) + 3
2
What is (8 - (12 - 7)) + -8?
-5
Calculate (2 - (11 + -4)) + 1 - -2.
-2
What is the value of 5 + -4 + -5 - -11?
7
Calculate (17 - 28) + (7 - -2).
-2
Evaluate 3 + -2 + -1 + 10 + -8.
2
What is -3 - ((-1 - -3) + (-3 - 0))?
-2
What is the value of -7 + 4 + 5 - -7?
9
19 - (2 - -10) - (-2 + -2)
11
(3 - -1) + 4 + -12 + 5
1
What is 5 + (-1 + (5 - 1) - 8)?
0
Evaluate (14 - (-8 - -5)) + -5 + -5.
7
What is the value of (-7 - -6 - (5 - 0)) + 2?
-4
Calculate (0 + 2 - -2) + (23 - 23).
4
What is 6 + (6 - 20) + 2?
-6
What is 7 + (-2 - (4 - -2 - 4))?
3
0 + -2 + -1 + 11 + -5
3
Calculate (27 - 40) + (6 - -4).
-3
(-12 + 8 - -12) + -14
-6
Evaluate 26 + -29 + (-1 - -4).
0
What is 4 + 4 + -14 - -2?
-4
Calculate 1 + 0 + -1 + (29 - 32).
-3
What is the value of 3 + (-4 - -2) + 2?
3
What is (1 - -1 - 3) + 2 + -3?
-2
(14 - 13) + 2 + -1
2
What is the value of -11 - (-3 - 9) - (2 + -1)?
0
Calculate 2 + -6 - (19 + -30).
7
What is -3 + 3 + -1 + -3 + 1?
-3
Calculate 2 - (-2 + (1 - -8) - 2).
-3
Calculate (-10 - (-17 - -9)) + (2 - -1).
1
Calculate (-4 - (-6 + 12)) + (11 - 12).
-11
1 - 11 - (-3 + -2)
-5
What is (-10 - -1 - -3) + -9 + 11?
-4
Evaluate -2 + 2 - (14 + -7 - 10).
3
10 - 2 - (86 + -84)
6
16 + -9 + -14 + (9 - 0)
2
-4 + (-3 - (-4 - 4))
1
Calculate -1 + -11 + 11 + -24 + 17.
-8
What is the value of 13 + -3 + (8 - (-5 - -14))?
9
What is the value of (-10 - (-10 + -4)) + (0 - 3)?
1
What is the value of 0 + (-1 - 2 - -2) - 0?
-1
(-4 - (-13 - -5)) + (0 - 8)
-4
Evaluate -13 + 16 - (7 - 2).
-2
3 + -6 + -1 + 6
2
Calculate 3 - 2 - (-12 - -20).
-7
What is the value of 7 + 0 + (-1 - 3)?
3
What is 5 + (2 - 5 - -1)?
3
What is the value of 7 + 4 + -6 - 15?
-10
Calculate 1 + -1 + (0 - (10 - 6)).
-4
5 + 1 - (18 + 4 + -7)
-9
Calculate 9 + -4 + -10 - (5 - 4).
-6
What is the value of -3 - -2 - (-4 - -1) - -2?
4
What is (6 - (-18 + 32)) + (1 - -1)?
-6
Evaluate 7 - -8 - 5 - 7.
3
What is the value of -2 - -5 - (6 - 3)?
0
What is -4 - (14 + -7 + -7)?
-4
Evaluate 24 + -29 + (0 - -5).
0
Calculate (-106 - -117) + -8 + 0.
3
-17 + -2 + 30 + -21
-10
Calculate 0 + 4 + 1 - -1.
6
What is (-2 - (0 + -8)) + -366 + 366?
6
Evaluate 4 - (11 + -15 + 5).
3
What is 2 + 1 + 24 + -6 + -25?
-4
What is 6 - 1 - (0 - -2)?
3
4 + (3 - 1 - 6)
0
Calculate 0 + (3 - 10 - -5) - -4.
2
(-7 - (-4 - 3)) + 3
3
What is the value of -2 + -1 + 0 - (-5 + 1)?
1
0 - 1 - -3 - (0 + -2)
4
What is the value of -7 - 1 - ((-16 - -10) + -2)?
0
Calculate 7 - 9 - -3 - (2 + -3).
2
What is the value of 2 + -6 + (-50 - -54)?
0
What is the value of (10 - 2) + (0 - 4)?
4
-4 + 3 - (8 + -9)
0
Calculate -3 + 3 - 1 - (0 - 3).
2
Calculate 2 + (-4 - -1) + (4 - 4).
-1
What is the value of (-17 - -25) + (-10 - 0)?
-2
What is -7 + (7 - -4 - 6)?
-2
What is 0 + -1 - 2 - -4?
1
-2 + 8 + (1 - 1 - 6)
0
Calculate -1 + -5 + (13 - (-18 + 18)).
7
Evaluate 3 - (1 + 0 + (-14 - -11)).
5
Calculate 9 + 8 + -8 + -14.
-5
Calculate (0 - (2 - -6)) + 7.
-1
Calculate 5 - (9 - 3) - (0 - -1).
-2
What is the value of (-2 - (13 - -1)) + 7 + 5?
-4
Calculate (37 - 42) + (8 - -1).
4
-7 + (7 - -7) - 14
-7
What is the value of -5 + (11 - 2) - 12?
-8
-9 + (-1 - (-15 - -3))
2
What is -4 - (-2 + 1 + -4 - -2)?
-1
Evaluate 6 - (9 - 5) - 2.
0
Calculate 1 + -3 + 2 + 2 + -1.
1
Evaluate -4 - (-6 + 1 + 0).
1
What is -2 + (0 - (-2 - -5))?
-5
Evaluate (-1 - 0) + 1 + -2 + -1.
-3
What is 7 + -1 + 2 + -3?
5
Calculate 11 + -8 + -3 + 5.
5
What is (-2 - (-2 + 3)) + (-1 - -3)?
-1
(5 - -4) + (1 - (3 + 4))
3
2 - (-3 - (-1 - (-2 - -3)))
3
0 - (4 + (-11 - (4 - 7)))
4
Calculate (-3 + 2 - (-13 + 7)) + 0.
5
Evaluate -4 + 1 + -1 - (11 + -11).
-4
What is the value of -2 - (-12 - -10 - 4)?
4
Evaluate -2 + 8 + -4 + 3.
5
Calculate -2 + (0 - 2) + 1.
-3
What is the value of -5 - (-2 - -8 - 6)?
-5
What is 1 + -1 + 3 + -5?
-2
Evaluate 1 + -2 + (4 - 5) + 2.
0
Evaluate 1 + -7 - (9 - 12 - 1).
-2
-2 + -3 + (1 - -9)
5
What is the value of -3 + 7 + 5 - 4?
5
(2 + 0 - (7 - 1)) + 0
-4
Evaluate (3 - (-2 - -3) - 0) + 2.
4
What is 23 + -24 + (0 - 1)?
-2
Calculate (-4 - 1) + 4 + (1 - -2).
2
What is the value of 16 + -6 - ((7 - 3) + -2)?
8
Evaluate (1 - (2 - 7)) + -2 + -2.
2
7 + (9 - (-1 + 7 + 2))
8
-6 + (-10 - -10) + 0
-6
0 - (-1 + 2) - (-1 - -1)
-1
What is the value of -8 + 5 + 2 + -6 + 3?
-4
What is the value of 20 + -4 + -24 + 1 + 8?
1
Evaluate 4 - (7 - (6 + -3)).
0
Calculate (5 - 6) + 3 - 0.
2
What is 8 + (0 - 1) - 12?
-5
Evaluate 1 - 6 - (-9 + 3).
1
What is the value of 4 + (-1 - (4 + -5)) + -3?
1
(6 - (8 + 1)) + 1
-2
Calculate 4 - 9 - (1 + (-1 - 2)).
-3
(6 - 0) + (-25 - -24)
5
Calculate -12 + 8 - (-3 - 6).
5
Evaluate -11 + 8 + 2 + 1 + -4.
-4
What is -5 + 11 - 7 - (-12 - -8)?
3
Calculate (2 - 14) + 4 + -2 + 5.
-5
-2 + 4 + -2 + (-21 - -16)
-5
Calculate 0 + -6 - -9 - 6.
-3
What is (-3 - -7) + (-3 - -4) - 1?
4
3 - ((4 - -1) + (-50 - -43))
5
Evaluate (-6 - -1) + (12 - 9).
-2
What is the value of -2 - (-5 + -1 - -3)?
1
What is 4 + 1 + -6 + 3?
2
Evaluate -1 + -2 + (0 + 4 - 2).
-1
What is 11 + -3 + -12 - -12?
8
Calculate -8 + -7 + (24 - 4).
5
What is the value of -4 + 2 + (-10 - -5)?
-7
What is the value of -8 - -4 - (1 + -1 - 2)?
-2
What is 8 + 7 + -5 + (-6 - 0)?
4
Calculate (0 - (-9 + 7)) + (2 - 6).
-2
1 + 0 - (26 - 20)
-5
Evaluate (1 - -4) + -3 + -4.
-2
Calculate 1 - 2 - (2 + 10 - 7).
-6
Evaluate -5 - 0 - (-9 - -6 - -1).
-3
Calculate (6 - (-6 - -7)) + -5.
0
-1 - 5 - (-18 - (-8 - 5))
-1
What is the value of -1 + (-7 - -9 - 2)?
-1
What is -2 + (0 - ((-13 - -5) + 4))?
2
Evaluate -12 + 10 - (3 + -1).
-4
What is the value of (1 - 3) + 6 - 7?
-3
(3 - -3) + 2 + (-78 - -76)
6
What is the value of 6 + (7 - (6 + 1 + 4))?
2
Evaluate 4 + -4 + 13 - 22.
-9
What is -1 + 9 - 16 - -8?
0
Evaluate 6 - 3 - (-1 - 1 - 0).
5
Evaluate (0 - (-4 - 3)) + -11.
-4
What is the value of -7 + (-11 - -13 - (4 - 18))?
9
-4 + 5 + -1 + (0 - 2)
-2
Calculate 0 - (-9 + 1 - (-12 + 7)).
3
Evaluate -1 - 9 - -1 - (21 - 25).
-5
What is the value of 5 + (-5 - (3 - 6))?
3
Evaluate -8 - (-3 + (2 - 3)).
-4
What is 1 - (17 + -16 + (4 - 0))?
-4
What is the value of 1 - 4 - (-5 + 4 - -3)?
-5
Calculate -2 + 5 + (2 - (0 - -4)).
1
1 + -1 - (-7 - -3) - 0
4
Calculate 6 + (-1 - (-1 + 3)) - 6.
-3
Calculate 3 + (-10 + 18 - 19).
-8
What is -9 + (-11 - -14) + (0 - 5)?
-11
Calculate 3 + -5 + 12 + -8.
2
What is the value of -7 + (9 - 10) - -7?
-1
Calculate 2 + 1 + 8 + -6.
5
Calculate -25 + 19 - (-1 - 7).
2
What is -5 - (4 + -5 + -1 + 4)?
-7
What is 4 - (0 + 2 + (-4 - -7))?
-1
What is 6 - (2 + 5 + 2)?
-3
Evaluate 1 - (-1 + 7) - (-12 + 7).
0
(-1 - -8) + 2 + (62 - 63)
8
(-1 + 4 - 0) + -3 - -3
3
Calculate 1 + 1 + -14 + 7.
-5
What is the value of -1 - (-10 + 5 + -1 + 2)?
3
14 - (24 + -11) - -5
6
Calculate 7 + (-9 - (1 + -5)).
2
What is (-1 - 0 - 2) + 5 + -1?
1
What is the value of -1 - -8 - (4 - 2)?
5
-2 + 2 + (0 - -5)
5
Calculate (6 - (-7 + (3 - -8))) + 4.
6
What is the value of 1 - ((-2 - -3 - 1) + 3)?
-2
Calculate -19 + 19 - (-1 - (1 - 2)).
0
10 - 10 - (1 - (-2 + 1))
-2
What is (5 - (1 - 1)) + (4 - 11)?
-2
0 + (7 - (-2 - -7) - -3)
5
What is the value of -1 + -4 + 5 + 5?
5
Evaluate (-3 - -4) + (-15 + 3 - -5).
-6
What is the value of (-20 - -14) + (1 - (-3 - 0))?
-2
What is -9 - -1 - (8 - (15 + -2))?
-3
What is the value of (1 - 2) + 9 - (-63 + 65)?
6
-4 + -5 + (13 - 8)
-4
Calculate (8 - (6 + -1)) + 1.
4
What is 0 + -1 + (-11 - -12) + 3?
3
2 - (-6 - (-2 + 6 + -19))
-7
Calculate 9 + 4 + -10 + (-8 - 0).
-5
Evaluate -4 + 0 - (-1 + -11 - -2).
6
Calculate -3 + (-4 - 1) + -4 + 12.
0
Calculate 2 + -3 - (4 - 6 - 1).
2
What is the value of -5 + (12 + 1 + -8 - 8)?
-8
What is the value of 3 - (-1 + -3 + 8 - 2)?
1
Calculate 9 + (-19 + 12 - (0 + -3)).
5
What is -2 - 0 - ((-7 - -4) + -1)?
2
Evaluate -2 + (3 - 5 - -5).
1
Evaluate -3 - (-4 + -3 + 7).
-3
Evaluate -1 + 5 + 86 + -90.
0
Calculate 3 - 6 - 6 - -8.
-1
75 + -75 + -4 + -1
-5
Evaluate -2 + 10 + (-1 - -1).
8
4 + -6 + (5 - 2)
1
(5 + -8 - (-1 - -1)) + -1
-4
Calculate -6 + (1 + -1 - -3) - -9.
6
Evaluate -5 - ((-4 - (-2 + 6)) + -7).
10
3 + -3 + -3 + 5
2
Evaluate -7 - -2 - (11 - 21).
5
What is -12 + (-12 - (6 + -21))?
-9
Evaluate 2 + (2 - 2) + (-5 - 2).
-5
What is the value of (-2 - (4 - (0 - -5))) + 0?
-1
What is -1 + -1 + 1 - (-64 - -66)?
-3
8 + (-17 - (-7 + -1))
